{"id":1469,"date":"2023-08-28T16:37:40","date_gmt":"2023-08-28T14:37:40","guid":{"rendered":"https:\/\/clusterdemuntanya.cat\/associats\/dpages\/"},"modified":"2023-08-28T16:37:40","modified_gmt":"2023-08-28T14:37:40","slug":"dpages","status":"publish","type":"associats","link":"https:\/\/clusterdemuntanya.cat\/es\/associats\/dpages\/","title":{"rendered":"Dpages"},"content":{"rendered":"","protected":false},"featured_media":1440,"template":"","associat-comarca":[36],"associat-producte":[89,88],"associat-sector":[87],"class_list":["post-1469","associats","type-associats","status-publish","has-post-thumbnail","hentry","associat-comarca-solsones","associat-producte-carnes","associat-producte-embutido","associat-sector-primario"],"yoast_head":"<!-- This site is optimized with the Yoast SEO plugin v27.5 - https:\/\/yoast.com\/product\/yoast-seo-wordpress\/ -->\n<title>Dpages, cerdo ecol\u00f3gico de alta calidad<\/title>\n<meta name=\"description\" content=\"En Dpages somos productores, elaboradores, comercializadores de carne y embutidos de cerdo ecol\u00f3gico de alta calidad. Todo en un entorno natural.\" \/>\n<meta name=\"robots\" content=\"index, follow, max-snippet:-1, max-image-preview:large, max-video-preview:-1\" \/>\n<link rel=\"canonical\" href=\"https:\/\/clusterdemuntanya.cat\/es\/associats\/dpages\/\" \/>\n<meta property=\"og:locale\" content=\"es_ES\" \/>\n<meta property=\"og:type\" content=\"article\" \/>\n<meta property=\"og:title\" content=\"Dpages, cerdo ecol\u00f3gico de alta calidad\" \/>\n<meta property=\"og:description\" content=\"En Dpages somos productores, elaboradores, comercializadores de carne y embutidos de cerdo ecol\u00f3gico de alta calidad. Todo en un entorno natural.\" \/>\n<meta property=\"og:url\" content=\"https:\/\/clusterdemuntanya.cat\/es\/associats\/dpages\/\" \/>\n<meta property=\"og:site_name\" content=\"Cl\u00faster de Muntanya\" \/>\n<meta property=\"og:image\" content=\"https:\/\/clusterdemuntanya.cat\/wp-content\/uploads\/2023\/08\/Redim_Mesa-de-trabajo-1.png\" \/>\n\t<meta property=\"og:image:width\" content=\"800\" \/>\n\t<meta property=\"og:image:height\" content=\"800\" \/>\n\t<meta property=\"og:image:type\" content=\"image\/png\" \/>\n<meta name=\"twitter:card\" content=\"summary_large_image\" \/>\n<script type=\"application\/ld+json\" class=\"yoast-schema-graph\">{\"@context\":\"https:\\\/\\\/schema.org\",\"@graph\":[{\"@type\":\"WebPage\",\"@id\":\"https:\\\/\\\/clusterdemuntanya.cat\\\/es\\\/associats\\\/dpages\\\/\",\"url\":\"https:\\\/\\\/clusterdemuntanya.cat\\\/es\\\/associats\\\/dpages\\\/\",\"name\":\"Dpages, cerdo ecol\u00f3gico de alta calidad\",\"isPartOf\":{\"@id\":\"https:\\\/\\\/clusterdemuntanya.cat\\\/es\\\/#website\"},\"primaryImageOfPage\":{\"@id\":\"https:\\\/\\\/clusterdemuntanya.cat\\\/es\\\/associats\\\/dpages\\\/#primaryimage\"},\"image\":{\"@id\":\"https:\\\/\\\/clusterdemuntanya.cat\\\/es\\\/associats\\\/dpages\\\/#primaryimage\"},\"thumbnailUrl\":\"https:\\\/\\\/clusterdemuntanya.cat\\\/wp-content\\\/uploads\\\/2023\\\/08\\\/Redim_Mesa-de-trabajo-1.png\",\"datePublished\":\"2023-08-28T14:37:40+00:00\",\"description\":\"En Dpages somos productores, elaboradores, comercializadores de carne y embutidos de cerdo ecol\u00f3gico de alta calidad. Todo en un entorno natural.\",\"breadcrumb\":{\"@id\":\"https:\\\/\\\/clusterdemuntanya.cat\\\/es\\\/associats\\\/dpages\\\/#breadcrumb\"},\"inLanguage\":\"es\",\"potentialAction\":[{\"@type\":\"ReadAction\",\"target\":[\"https:\\\/\\\/clusterdemuntanya.cat\\\/es\\\/associats\\\/dpages\\\/\"]}]},{\"@type\":\"ImageObject\",\"inLanguage\":\"es\",\"@id\":\"https:\\\/\\\/clusterdemuntanya.cat\\\/es\\\/associats\\\/dpages\\\/#primaryimage\",\"url\":\"https:\\\/\\\/clusterdemuntanya.cat\\\/wp-content\\\/uploads\\\/2023\\\/08\\\/Redim_Mesa-de-trabajo-1.png\",\"contentUrl\":\"https:\\\/\\\/clusterdemuntanya.cat\\\/wp-content\\\/uploads\\\/2023\\\/08\\\/Redim_Mesa-de-trabajo-1.png\",\"width\":800,\"height\":800},{\"@type\":\"BreadcrumbList\",\"@id\":\"https:\\\/\\\/clusterdemuntanya.cat\\\/es\\\/associats\\\/dpages\\\/#breadcrumb\",\"itemListElement\":[{\"@type\":\"ListItem\",\"position\":1,\"name\":\"Inici\",\"item\":\"https:\\\/\\\/clusterdemuntanya.cat\\\/es\\\/\"},{\"@type\":\"ListItem\",\"position\":2,\"name\":\"Associats\",\"item\":\"https:\\\/\\\/clusterdemuntanya.cat\\\/es\\\/associats\\\/\"},{\"@type\":\"ListItem\",\"position\":3,\"name\":\"Dpages\"}]},{\"@type\":\"WebSite\",\"@id\":\"https:\\\/\\\/clusterdemuntanya.cat\\\/es\\\/#website\",\"url\":\"https:\\\/\\\/clusterdemuntanya.cat\\\/es\\\/\",\"name\":\"Cl\u00faster de Muntanya\",\"description\":\"El Cl\u00faster Agroalimentari de Productes T\u00edpics de Muntanya\",\"publisher\":{\"@id\":\"https:\\\/\\\/clusterdemuntanya.cat\\\/es\\\/#organization\"},\"potentialAction\":[{\"@type\":\"SearchAction\",\"target\":{\"@type\":\"EntryPoint\",\"urlTemplate\":\"https:\\\/\\\/clusterdemuntanya.cat\\\/es\\\/?s={search_term_string}\"},\"query-input\":{\"@type\":\"PropertyValueSpecification\",\"valueRequired\":true,\"valueName\":\"search_term_string\"}}],\"inLanguage\":\"es\"},{\"@type\":\"Organization\",\"@id\":\"https:\\\/\\\/clusterdemuntanya.cat\\\/es\\\/#organization\",\"name\":\"Cl\u00faster de Muntanya\",\"url\":\"https:\\\/\\\/clusterdemuntanya.cat\\\/es\\\/\",\"logo\":{\"@type\":\"ImageObject\",\"inLanguage\":\"es\",\"@id\":\"https:\\\/\\\/clusterdemuntanya.cat\\\/es\\\/#\\\/schema\\\/logo\\\/image\\\/\",\"url\":\"https:\\\/\\\/clusterdemuntanya.cat\\\/wp-content\\\/uploads\\\/2022\\\/07\\\/logo-cluster-de-muntanya-2-horitzontal-25.png\",\"contentUrl\":\"https:\\\/\\\/clusterdemuntanya.cat\\\/wp-content\\\/uploads\\\/2022\\\/07\\\/logo-cluster-de-muntanya-2-horitzontal-25.png\",\"width\":1064,\"height\":298,\"caption\":\"Cl\u00faster de Muntanya\"},\"image\":{\"@id\":\"https:\\\/\\\/clusterdemuntanya.cat\\\/es\\\/#\\\/schema\\\/logo\\\/image\\\/\"}}]}<\/script>\n<!-- \/ Yoast SEO plugin. -->","yoast_head_json":{"title":"Dpages, cerdo ecol\u00f3gico de alta calidad","description":"En Dpages somos productores, elaboradores, comercializadores de carne y embutidos de cerdo ecol\u00f3gico de alta calidad. Todo en un entorno natural.","robots":{"index":"index","follow":"follow","max-snippet":"max-snippet:-1","max-image-preview":"max-image-preview:large","max-video-preview":"max-video-preview:-1"},"canonical":"https:\/\/clusterdemuntanya.cat\/es\/associats\/dpages\/","og_locale":"es_ES","og_type":"article","og_title":"Dpages, cerdo ecol\u00f3gico de alta calidad","og_description":"En Dpages somos productores, elaboradores, comercializadores de carne y embutidos de cerdo ecol\u00f3gico de alta calidad. Todo en un entorno natural.","og_url":"https:\/\/clusterdemuntanya.cat\/es\/associats\/dpages\/","og_site_name":"Cl\u00faster de Muntanya","og_image":[{"width":800,"height":800,"url":"https:\/\/clusterdemuntanya.cat\/wp-content\/uploads\/2023\/08\/Redim_Mesa-de-trabajo-1.png","type":"image\/png"}],"twitter_card":"summary_large_image","schema":{"@context":"https:\/\/schema.org","@graph":[{"@type":"WebPage","@id":"https:\/\/clusterdemuntanya.cat\/es\/associats\/dpages\/","url":"https:\/\/clusterdemuntanya.cat\/es\/associats\/dpages\/","name":"Dpages, cerdo ecol\u00f3gico de alta calidad","isPartOf":{"@id":"https:\/\/clusterdemuntanya.cat\/es\/#website"},"primaryImageOfPage":{"@id":"https:\/\/clusterdemuntanya.cat\/es\/associats\/dpages\/#primaryimage"},"image":{"@id":"https:\/\/clusterdemuntanya.cat\/es\/associats\/dpages\/#primaryimage"},"thumbnailUrl":"https:\/\/clusterdemuntanya.cat\/wp-content\/uploads\/2023\/08\/Redim_Mesa-de-trabajo-1.png","datePublished":"2023-08-28T14:37:40+00:00","description":"En Dpages somos productores, elaboradores, comercializadores de carne y embutidos de cerdo ecol\u00f3gico de alta calidad. Todo en un entorno natural.","breadcrumb":{"@id":"https:\/\/clusterdemuntanya.cat\/es\/associats\/dpages\/#breadcrumb"},"inLanguage":"es","potentialAction":[{"@type":"ReadAction","target":["https:\/\/clusterdemuntanya.cat\/es\/associats\/dpages\/"]}]},{"@type":"ImageObject","inLanguage":"es","@id":"https:\/\/clusterdemuntanya.cat\/es\/associats\/dpages\/#primaryimage","url":"https:\/\/clusterdemuntanya.cat\/wp-content\/uploads\/2023\/08\/Redim_Mesa-de-trabajo-1.png","contentUrl":"https:\/\/clusterdemuntanya.cat\/wp-content\/uploads\/2023\/08\/Redim_Mesa-de-trabajo-1.png","width":800,"height":800},{"@type":"BreadcrumbList","@id":"https:\/\/clusterdemuntanya.cat\/es\/associats\/dpages\/#breadcrumb","itemListElement":[{"@type":"ListItem","position":1,"name":"Inici","item":"https:\/\/clusterdemuntanya.cat\/es\/"},{"@type":"ListItem","position":2,"name":"Associats","item":"https:\/\/clusterdemuntanya.cat\/es\/associats\/"},{"@type":"ListItem","position":3,"name":"Dpages"}]},{"@type":"WebSite","@id":"https:\/\/clusterdemuntanya.cat\/es\/#website","url":"https:\/\/clusterdemuntanya.cat\/es\/","name":"Cl\u00faster de Muntanya","description":"El Cl\u00faster Agroalimentari de Productes T\u00edpics de Muntanya","publisher":{"@id":"https:\/\/clusterdemuntanya.cat\/es\/#organization"},"potentialAction":[{"@type":"SearchAction","target":{"@type":"EntryPoint","urlTemplate":"https:\/\/clusterdemuntanya.cat\/es\/?s={search_term_string}"},"query-input":{"@type":"PropertyValueSpecification","valueRequired":true,"valueName":"search_term_string"}}],"inLanguage":"es"},{"@type":"Organization","@id":"https:\/\/clusterdemuntanya.cat\/es\/#organization","name":"Cl\u00faster de Muntanya","url":"https:\/\/clusterdemuntanya.cat\/es\/","logo":{"@type":"ImageObject","inLanguage":"es","@id":"https:\/\/clusterdemuntanya.cat\/es\/#\/schema\/logo\/image\/","url":"https:\/\/clusterdemuntanya.cat\/wp-content\/uploads\/2022\/07\/logo-cluster-de-muntanya-2-horitzontal-25.png","contentUrl":"https:\/\/clusterdemuntanya.cat\/wp-content\/uploads\/2022\/07\/logo-cluster-de-muntanya-2-horitzontal-25.png","width":1064,"height":298,"caption":"Cl\u00faster de Muntanya"},"image":{"@id":"https:\/\/clusterdemuntanya.cat\/es\/#\/schema\/logo\/image\/"}}]}},"_links":{"self":[{"href":"https:\/\/clusterdemuntanya.cat\/es\/wp-json\/wp\/v2\/associats\/1469","targetHints":{"allow":["GET"]}}],"collection":[{"href":"https:\/\/clusterdemuntanya.cat\/es\/wp-json\/wp\/v2\/associats"}],"about":[{"href":"https:\/\/clusterdemuntanya.cat\/es\/wp-json\/wp\/v2\/types\/associats"}],"wp:featuredmedia":[{"embeddable":true,"href":"https:\/\/clusterdemuntanya.cat\/es\/wp-json\/wp\/v2\/media\/1440"}],"wp:attachment":[{"href":"https:\/\/clusterdemuntanya.cat\/es\/wp-json\/wp\/v2\/media?parent=1469"}],"wp:term":[{"taxonomy":"associat-comarca","embeddable":true,"href":"https:\/\/clusterdemuntanya.cat\/es\/wp-json\/wp\/v2\/associat-comarca?post=1469"},{"taxonomy":"associat-producte","embeddable":true,"href":"https:\/\/clusterdemuntanya.cat\/es\/wp-json\/wp\/v2\/associat-producte?post=1469"},{"taxonomy":"associat-sector","embeddable":true,"href":"https:\/\/clusterdemuntanya.cat\/es\/wp-json\/wp\/v2\/associat-sector?post=1469"}],"curies":[{"name":"wp","href":"https:\/\/api.w.org\/{rel}","templated":true}]}}

<!-- This site is optimized with the Yoast SEO plugin v27.5 - https://yoast.com/product/yoast-seo-wordpress/ -->
<title>Dpages, cerdo ecológico de alta calidad</title>
<meta name="description" content="En Dpages somos productores, elaboradores, comercializadores de carne y embutidos de cerdo ecológico de alta calidad. Todo en un entorno natural." />
<meta name="robots" content="index, follow, max-snippet:-1, max-image-preview:large, max-video-preview:-1" />
<link rel="canonical" href="https://clusterdemuntanya.cat/es/associats/dpages/" />
<meta property="og:locale" content="es_ES" />
<meta property="og:type" content="article" />
<meta property="og:title" content="Dpages, cerdo ecológico de alta calidad" />
<meta property="og:description" content="En Dpages somos productores, elaboradores, comercializadores de carne y embutidos de cerdo ecológico de alta calidad. Todo en un entorno natural." />
<meta property="og:url" content="https://clusterdemuntanya.cat/es/associats/dpages/" />
<meta property="og:site_name" content="Clúster de Muntanya" />
<meta property="og:image" content="https://clusterdemuntanya.cat/wp-content/uploads/2023/08/Redim_Mesa-de-trabajo-1.png" />
	<meta property="og:image:width" content="800" />
	<meta property="og:image:height" content="800" />
	<meta property="og:image:type" content="image/png" />
<meta name="twitter:card" content="summary_large_image" />
<script type="application/ld+json" class="yoast-schema-graph">{"@context":"https:\/\/schema.org","@graph":[{"@type":"WebPage","@id":"https:\/\/clusterdemuntanya.cat\/es\/associats\/dpages\/","url":"https:\/\/clusterdemuntanya.cat\/es\/associats\/dpages\/","name":"Dpages, cerdo ecológico de alta calidad","isPartOf":{"@id":"https:\/\/clusterdemuntanya.cat\/es\/#website"},"primaryImageOfPage":{"@id":"https:\/\/clusterdemuntanya.cat\/es\/associats\/dpages\/#primaryimage"},"image":{"@id":"https:\/\/clusterdemuntanya.cat\/es\/associats\/dpages\/#primaryimage"},"thumbnailUrl":"https:\/\/clusterdemuntanya.cat\/wp-content\/uploads\/2023\/08\/Redim_Mesa-de-trabajo-1.png","datePublished":"2023-08-28T14:37:40+00:00","description":"En Dpages somos productores, elaboradores, comercializadores de carne y embutidos de cerdo ecológico de alta calidad. Todo en un entorno natural.","breadcrumb":{"@id":"https:\/\/clusterdemuntanya.cat\/es\/associats\/dpages\/#breadcrumb"},"inLanguage":"es","potentialAction":[{"@type":"ReadAction","target":["https:\/\/clusterdemuntanya.cat\/es\/associats\/dpages\/"]}]},{"@type":"ImageObject","inLanguage":"es","@id":"https:\/\/clusterdemuntanya.cat\/es\/associats\/dpages\/#primaryimage","url":"https:\/\/clusterdemuntanya.cat\/wp-content\/uploads\/2023\/08\/Redim_Mesa-de-trabajo-1.png","contentUrl":"https:\/\/clusterdemuntanya.cat\/wp-content\/uploads\/2023\/08\/Redim_Mesa-de-trabajo-1.png","width":800,"height":800},{"@type":"BreadcrumbList","@id":"https:\/\/clusterdemuntanya.cat\/es\/associats\/dpages\/#breadcrumb","itemListElement":[{"@type":"ListItem","position":1,"name":"Inici","item":"https:\/\/clusterdemuntanya.cat\/es\/"},{"@type":"ListItem","position":2,"name":"Associats","item":"https:\/\/clusterdemuntanya.cat\/es\/associats\/"},{"@type":"ListItem","position":3,"name":"Dpages"}]},{"@type":"WebSite","@id":"https:\/\/clusterdemuntanya.cat\/es\/#website","url":"https:\/\/clusterdemuntanya.cat\/es\/","name":"Clúster de Muntanya","description":"El Clúster Agroalimentari de Productes Típics de Muntanya","publisher":{"@id":"https:\/\/clusterdemuntanya.cat\/es\/#organization"},"potentialAction":[{"@type":"SearchAction","target":{"@type":"EntryPoint","urlTemplate":"https:\/\/clusterdemuntanya.cat\/es\/?s={search_term_string}"},"query-input":{"@type":"PropertyValueSpecification","valueRequired":true,"valueName":"search_term_string"}}],"inLanguage":"es"},{"@type":"Organization","@id":"https:\/\/clusterdemuntanya.cat\/es\/#organization","name":"Clúster de Muntanya","url":"https:\/\/clusterdemuntanya.cat\/es\/","logo":{"@type":"ImageObject","inLanguage":"es","@id":"https:\/\/clusterdemuntanya.cat\/es\/#\/schema\/logo\/image\/","url":"https:\/\/clusterdemuntanya.cat\/wp-content\/uploads\/2022\/07\/logo-cluster-de-muntanya-2-horitzontal-25.png","contentUrl":"https:\/\/clusterdemuntanya.cat\/wp-content\/uploads\/2022\/07\/logo-cluster-de-muntanya-2-horitzontal-25.png","width":1064,"height":298,"caption":"Clúster de Muntanya"},"image":{"@id":"https:\/\/clusterdemuntanya.cat\/es\/#\/schema\/logo\/image\/"}}]}</script>
<!-- / Yoast SEO plugin. -->

Dpages, cerdo ecológico de alta calidad

En Dpages somos productores, elaboradores, comercializadores de carne y embutidos de cerdo ecológico de alta calidad. Todo en un entorno natural.

Clúster de Muntanya

El Clúster Agroalimentari de Productes Típics de Muntanya
